e
Is 5807603 prime?
True
Is 619499 a prime number?
False
Is 178091 prime?
True
Is 2333 composite?
False
Is 180161 composite?
False
Is 877 composite?
False
Is 36769 a prime number?
False
Is 120997 prime?
True
Is 1561697 prime?
True
Is 130081 composite?
True
Is 410551 prime?
True
Is 176533 a prime number?
False
Is 813895 a prime number?
False
Is 568577 composite?
False
Is 650537 prime?
True
Is 13511 a prime number?
False
Is 164969 a composite number?
True
Is 1049 prime?
True
Is 50563 a prime number?
False
Is 6511 composite?
True
Is 323899 prime?
True
Is 118453 a prime number?
True
Is 10123 prime?
False
Is 1660803 a prime number?
False
Is 194911 a prime number?
True
Is 14207 prime?
True
Is 70823 prime?
True
Is 709381 a prime number?
True
Is 6595 prime?
False
Is 18211 a composite number?
False
Is 8311 composite?
False
Is 296755 composite?
True
Is 6187 a composite number?
True
Is 104245 prime?
False
Is 128509 prime?
True
Is 66103 a composite number?
False
Is 3395641 composite?
False
Is 27787 composite?
True
Is 11017 composite?
True
Is 4357961 prime?
True
Is 4665755 a prime number?
False
Is 2599 a prime number?
False
Is 10937 a prime number?
True
Is 14167 prime?
False
Is 149269 a prime number?
True
Is 1034813 a prime number?
False
Is 13649 composite?
False
Is 649 a prime number?
False
Is 231711 a composite number?
True
Is 25867 a prime number?
True
Is 74353 a prime number?
True
Is 2633 composite?
False
Is 11091 prime?
False
Is 15641 a prime number?
True
Is 34087 composite?
True
Is 102397 a prime number?
True
Is 110807 a prime number?
True
Is 4619 prime?
False
Is 689 a prime number?
False
Is 1949009 a composite number?
True
Is 123001 prime?
True
Is 101093 a composite number?
True
Is 11819 a prime number?
False
Is 28163 prime?
True
Is 8923 prime?
True
Is 3151 a composite number?
True
Is 52157 prime?
False
Is 1847 a prime number?
True
Is 44641 a composite number?
False
Is 264467 composite?
True
Is 100103 composite?
False
Is 466793 a composite number?
True
Is 40659 a composite number?
True
Is 135791 a composite number?
True
Is 1559 a composite number?
False
Is 19277 a prime number?
False
Is 877 composite?
False
Is 2650817 prime?
False
Is 39341 prime?
True
Is 699967 a prime number?
True
Is 1403 a prime number?
False
Is 85037 a prime number?
True
Is 183759 a composite number?
True
Is 17881 prime?
True
Is 310663 composite?
False
Is 132943 a composite number?
True
Is 67 a composite number?
False
Is 677 prime?
True
Is 11957 prime?
False
Is 87371 composite?
True
Is 55907 a prime number?
False
Is 35095 a prime number?
False
Is 397 composite?
False
Is 10223 a composite number?
False
Is 117163 composite?
False
Is 61927 prime?
True
Is 1061807 a prime number?
True
Is 3551 a composite number?
True
Is 280673 composite?
False
Is 226231 prime?
True
Is 2047931 a composite number?
True
Is 107513 prime?
False
Is 22613 a prime number?
True
Is 16499 a prime number?
False
Is 10077 a composite number?
True
Is 628271 prime?
False
Is 19907 composite?
True
Is 50411 a composite number?
False
Is 445 a prime number?
False
Is 1381 a composite number?
False
Is 13271 a composite number?
True
Is 70687 a composite number?
False
Is 38507 composite?
True
Is 21815 prime?
False
Is 2934037 prime?
False
Is 10639 a prime number?
True
Is 27091 a prime number?
True
Is 457801 a composite number?
True
Is 809701 composite?
False
Is 1319 prime?
True
Is 1313 a prime number?
False
Is 297461 composite?
True
Is 114791 a prime number?
False
Is 68038 composite?
True
Is 44329 prime?
False
Is 97871 prime?
True
Is 7342 prime?
False
Is 271438 a composite number?
True
Is 18947 a composite number?
False
Is 333737 a composite number?
False
Is 7901 a composite number?
False
Is 12443 prime?
False
Is 1079069 a prime number?
True
Is 4063 prime?
False
Is 116789 prime?
True
Is 434683 a composite number?
False
Is 70337 prime?
False
Is 23497 prime?
True
Is 4607 composite?
True
Is 25383 composite?
True
Is 979 a composite number?
True
Is 4547 composite?
False
Is 10522 composite?
True
Is 1152287 prime?
True
Is 7318 prime?
False
Is 221687 a composite number?
True
Is 147419 a prime number?
True
Is 13537 composite?
False
Is 22409 a prime number?
True
Is 403363 a prime number?
True
Is 476201 prime?
False
Is 682881 a composite number?
True
Is 6125191 a composite number?
False
Is 35221 composite?
False
Is 141299 a prime number?
False
Is 91213 a composite number?
True
Is 27689 composite?
False
Is 310979 prime?
False
Is 72139 composite?
False
Is 3313 composite?
False
Is 13033 composite?
False
Is 16673 a composite number?
False
Is 56983 a prime number?
True
Is 14437 a prime number?
True
Is 161533 prime?
False
Is 57965 composite?
True
Is 48903 prime?
False
Is 18851 composite?
True
Is 2578 a composite number?
True
Is 1735 composite?
True
Is 149501 composite?
True
Is 63355 a composite number?
True
Is 42209 a composite number?
False
Is 1381349 a prime number?
True
Is 60271 composite?
False
Is 3163 a composite number?
False
Is 147265 composite?
True
Is 869 a composite number?
True
Is 21453 a prime number?
False
Is 235553 prime?
True
Is 52373 composite?
True
Is 37667 prime?
False
Is 1237199 a composite number?
False
Is 1267 a prime number?
False
Is 339 composite?
True
Is 461789 a composite number?
True
Is 50057 prime?
False
Is 1151287 a prime number?
True
Is 90239 composite?
False
Is 32483 composite?
True
Is 218677 composite?
False
Is 933571 a prime number?
False
Is 2231 composite?
True
Is 341557 composite?
False
Is 1578991 prime?
False
Is 17495 a composite number?
True
Is 19641 a prime number?
False
Is 285937 a prime number?
True
Is 1637 a prime number?
True
Is 39 composite?
True
Is 6181 a composite number?
True
Is 562577 a prime number?
True
Is 13367 a prime number?
True
Is 701593 composite?
False
Is 232003 a prime number?
True
Is 85469 composite?
False
Is 8681 prime?
True
Is 72203 a composite number?
True
Is 4578547 prime?
True
Is 139 prime?
True
Is 7745 prime?
False
Is 22262 a composite number?
True
Is 1648081 a composite number?
False
Is 3091177 prime?
False
Is 19715 a composite number?
True
Is 82577 a composite number?
True
Is 8777 prime?
False
Is 22541 a composite number?
False
Is 8327 composite?
True
Is 4547 composite?
False
Is 213269 composite?
True
Is 308923 composite?
False
Is 5053 a composite number?
True
Is 546983 a prime number?
False
Is 28043 a composite number?
True
Is 16619 composite?
False
Is 5257 a composite number?
True
Is 8543 prime?
True
Is 1597 a prime number?
True
Is 21281 a composite number?
True
Is 6769 prime?
False
Is 102589 prime?
False
Is 10079 a composite number?
False
Is 29527 a composite number?
False
Is 9227 prime?
True
Is 24599 prime?
False
Is 223823 a composite number?
False
Is 6607 a prime number?
True
Is 466243 a composite number?
False
Is 22229 a composite number?
False
Is 129341 a composite number?
False
Is 51733 a prime number?
False
Is 169751 composite?
False
Is 27611 a prime number?
True
Is 167689 a prime number?
False
Is 14983 a composite number?
False
Is 112397 prime?
True
Is 30803 composite?
False
Is 7891 prime?
False
Is 45145 composite?
True
Is 802405 prime?
False
Is 304787 prime?
False
Is 20783 a composite number?
True
Is 30901 a composite number?
True
Is 86011 composite?
False
Is 3131 a composite number?
True
Is 50749 prime?
False
Is 14417 a composite number?
True
Is 359215 composite?
True
Is 1537 a prime number?
False
Is 2629537 a composite number?
False
Is 18769 composite?
True
Is 5723 a prime number?
False
Is 35627 a composite number?
True
Is 20639 composite?
False
Is 341277 prime?
False
Is 7341 a prime number?
False
Is 232207 a composite number?
False
Is 135611 a prime number?
False
Is 753 composite?
True
Is 941351 composite?
False
Is 1028967 a prime number?
False
Is 26921 composite?
False
Is 673 a prime number?
True
Is 13157 a prime number?
False
Is 107003 a prime number?
False
Is 86753 a composite number?
False
Is 13711 composite?
False
Is 47213 prime?
False
Is 176289 a composite number?
True
Is 1031549 a composite number?
False
Is 37619 a prime number?
True
Is 180563 a composite number?
False
Is 4181 a prime number?
False
Is 4111 a prime number?
True
Is 475073 prime?
True
Is 17609 a prime number?
True
Is 613 a prime number?
True
Is 194861 a composite number?
False
Is 774661 a p